g - 116 + 102, -g = 4*q + 19. Give w(q).
-5
Let f(n) = -1. Let i(b) = b + 5. Let g(o) = 2*f(o) + i(o). Suppose -x - 26 = 5*j, 5*x - 104 = 5*j - 84. Determine g(j).
-2
Let u(j) = -j**3 - 5*j**2 - 4*j - 3. Let v be u(-4). Let g(p) be the third derivative of p**6/120 + p**5/20 - p**4/12 + 2*p**3/3 + 16*p**2. What is g(v)?
10
Let a(l) = 6 + 0*l**2 + l**3 + 5*l - 15 - 4*l**2. Let y(c) = 10 - 6*c + 0*c**2 + 3*c**2 + 0*c + 2*c**2 - c**3. Let m(w) = -6*a(w) - 5*y(w). Calculate m(0).
4
Let r be 5/(4*(-4)/(-16)) + -11. Let i(m) = m**3 + 5*m**2 - 2*m + 1. Give i(r).
-23
Let h(q) = 3*q**2 - 6. Let s be h(-2). Suppose 0 = 9*m - s*m + 27. Let i(p) = p**2 + 9*p - 12. Determine i(m).
-12
Let a(y) = -y - 7. Let t be a(-8). Let r(j) = -477 + j**2 + 2*j + 2*j**2 + 0*j**2 + 476. What is r(t)?
4
Let r(s) = 13*s**2 + 8. Let d(f) = -19*f**2 - 13. Let g(b) = 5*d(b) + 8*r(b). Give g(-1).
8
Let r(u) = u**3 + 12*u**2 - 13*u - 16. Let v be r(-13). Let q be (-3 + 2 + 0)*-12. Let w = q + v. Let j(o) = o**3 + 5*o**2 + 3*o - 2. Calculate j(w).
2
Let f be ((-387)/(-27) - 13)/((-4)/(-6)). Let z(l) = 7*l**3 - l**2 - l. Calculate z(f).
50
Let y(w) = w**2 + 9*w + 10. Let f(u) = u**3 + 4*u**2 + 0*u + 0 - u + 2*u - 4. Let c be f(-4). Give y(c).
2
Let u(l) = l**2 + 4*l - 11. Suppose 2*i - 26 = 3*v, v = 13*i - 16*i + 6. Determine u(v).
1
Suppose 5*f + 40 = -5*q, 0 = -4*q + f - 16 + 4. Let r(s) = 3*s + 5. Calculate r(q).
-7
Let b(w) = 5*w**2 - 10*w**2 + 4*w**2 + 1 + 5*w. Suppose 8*m = -11 + 43. Determine b(m).
5
Let o be 7/1 - (-1 - -5). Let x(k) = 5 + k**2 - 4 - 5*k - k**o + 4*k**2. Let u be x(4). Let p(l) = -l**2 + 3*l + 3. What is p(u)?
-15
Let a(z) = -z**2. Suppose 4*g + 27 = 11. Let n(u) = u**3 + 3*u**2 - 9*u - 8. Let w(q) = g*a(q) + n(q). What is w(-8)?
0
Let x be 2/(-5) - (22/(-5) - -9). Let y(a) = -a**3 - 5*a**2 + 2*a - 3. What is y(x)?
-13
Let o = -277 - -266. Let u(n) = n + 7. What is u(o)?
-4
Let c = 7 - 2. Let b(z) = -z**3 - c - 2*z**2 - z - z**2 - z**2 + 2. Give b(-3).
-9
Let u(z) be the second derivative of 1/6*z**4 + 1/20*z**5 + 0 + 7*z + z**2 - 1/6*z**3. Calculate u(-3).
-4
Let o(y) = 7*y**2 + 2*y + 12. Let j(v) = 5*v**2 + 2*v + 9. Let k(h) = -4*j(h) + 3*o(h). Let w = 5 + -3. Calculate k(w).
0
Let c(o) = -o**3 + 11*o**2 + 5. Let g be c(11). Let y(z) = -2 + 2*z + 13 - g - 5. Let k(a) = -a. Let b be k(3). Give y(b).
-5
Let a(r) be the second derivative of -1/12*r**4 + 0 - 1/6*r**3 - 8*r + 1/2*r**2 - 3/20*r**5. Suppose 0 = -4*q + 4. Calculate a(q).
-4
Let k(s) = -2*s**2 - 5 + 17 - 6*s - 4 - 4. Determine k(-5).
-16
Let s(l) be the first derivative of 0*l - 5 + 0*l**2 + 1/360*l**6 + 1/30*l**5 - 8/3*l**3 - 1/24*l**4. Let w(u) be the third derivative of s(u). Calculate w(-2).
-5
Let n(g) = g**3 - g - 34. Let z(t) = t**3 - 23*t**2 - 15*t - 216. Let b be z(24). Calculate n(b).
-34
Let z be (-5 - (-80)/15)*6. Let c(o) = 196*o - 184*o - 3 + z. Let a = -1 - -2. Calculate c(a).
11
Let r be (4 - 1) + (0/(-3) - 2). Suppose -r = 3*q - 4. Let l(u) = 9*u**3 - u**2 + u. Give l(q).
9
Suppose 3*t - 6*t = h - 7, 4*h - 13 = 3*t. Suppose 5*l + 21 = -k, 0*k - 36 = 4*k + h*l. Let f(q) = -q**3 - 7*q**2 - 8*q - 8. Give f(k).
4
Let f(o) = -8*o + 1. Let a(v) = -23*v + 2. Let x(l) = -3*a(l) + 8*f(l). Suppose d + 29 - 27 = 0. What is x(d)?
-8
Let d(k) be the third derivative of k**3 + 0 + 0*k - 7/24*k**4 - 8*k**2 + 1/60*k**5. What is d(6)?
0
Suppose -p + 16 = p. Let h(s) = s**3 - 10*s**2 - 11*s - 2. Let o(q) = -2*q**3 + 21*q**2 + 23*q + 5. Let y(u) = 7*h(u) + 3*o(u). Give y(p).
1
Let s(g) = -g + 3. Suppose 0 = -0*c - 3*c - x, 0 = -5*x. Suppose 3*t - 2*t = c. Suppose t = 5*b - 9*b + 24. Calculate s(b).
-3
Let k(t) = 3. Let j(q) = 2*q + 3. Let a(r) = 4*j(r) - 3*k(r). Calculate a(-5).
-37
Let g(c) = -5*c. Let k = -99 - -100. Determine g(k).
-5
Let v be 10/(-12) - 2/12. Let f(x) be the second derivative of 5*x**3 - 134*x. Give f(v).
-30
Suppose -4 = -3*j + 2. Suppose -3*n - j*r = -16, -3*n - 21 = -n - 5*r. Let f(w) = 0*w + 6 + n*w - 11 - 3*w. Determine f(-5).
0
Suppose 2 = -5*n + 3*j, -4*n - j = -3*j. Suppose n = h - 3*h. Let w(d) = 2*d + 0 + 1 + 0. Determine w(h).
-1
Let q(f) = 3*f + 4. Let j(l) = 10*l + 12. Let m(v) = -2*j(v) + 7*q(v). Let k = 4 - 4. Suppose 2*i - 3*o + 19 + 1 = k, 16 = -5*i - o. Determine m(i).
0
Let f(x) = x + 21. Let g(t) = t**2 - 19*t - 80. Let p be g(22). Determine f(p).
7
Let y = -32 - -49. Suppose -4*j + t + y = -8, j = -5*t - 20. Let u(w) = -11*w + 3*w + 6*w + 1 - j. Determine u(-4).
4
Let j(o) be the second derivative of o**4/12 - 5*o**3/6 + 2*o - 171. Let x = -1 - -5. Calculate j(x).
-4
Let a = 7 + 1. Suppose 4*d + a = 0, -5*y = -2*d + d + 23. Let c(w) = -5*w + 5*w - w + 2. What is c(y)?
7
Let m(o) = o**3 - 20*o**2 + 38*o - 62. Let r be m(18). Let s(d) = -d**2 - 23*d + 73. Calculate s(r).
-5
Let y(b) = 2*b - 6. Let c(m) = m**3 + 5*m**2 - 5*m + 2. Let j be c(-6). Let p(k) = k - 3. Let v(r) = j*y(r) + 7*p(r). What is v(3)?
0
Let u be (3 - 32/12)/(5/(-90)). Let h(g) = g**3 + 4*g**2 - 14*g - 5. Give h(u).
7
Suppose -6*r - 3*r = -45. Let f(x) be the second derivative of 4/3*x**3 + x + 0 - 1/12*x**4 - 5/2*x**2. What is f(r)?
10
Let g(t) be the second derivative of -5*t**4/12 - t**3/6 - t**2/2 - 3*t. Suppose 2*p - 10*p = 8. What is g(p)?
-5
Let w = -20 + 10. Let y(u) = -3*u**2 + 6*u + 13. Let d be y(-2). Let f = d - w. Let n(j) = 3*j**3 + j**2 + j + 1. Determine n(f).
-2
Let w(z) be the first derivative of -z**4/24 - 2*z**3/3 - 37*z**2/2 - 29. Let j(c) be the second derivative of w(c). What is j(-3)?
-1
Let t(r) be the second derivative of r**5/4 + r**4/12 + r**3/6 + r**2/2 + 3*r + 10. Let p = 9 + -5. Suppose 4*n - 2 = -2*v, -n = p*n - 5*v + 20. Give t(n).
-4
Let p(w) be the third derivative of -w**6/120 + 2*w**5/15 + 3*w**4/8 - 5*w**3/3 - 322*w**2 - w. Determine p(9).
-10
Let a(w) = 30 + w + 0*w - 13 - 20. Let q be 2 - (-4)/(8/(-10)). What is a(q)?
-6
Suppose 3*v = -q, 4*q - 2*q + 2*v = 12. Let m(u) be the first derivative of u**2/2 - 12*u + 132. Give m(q).
-3
Suppose -4*a - 5*y = a + 5, -y - 10 = -2*a. Let l(r) be the third derivative of 2*r**2 + 1/120*r**6 + 1/15*r**5 - 5/6*r**a + 0*r + 0 + 0*r**4. What is l(-4)?
-5
Let b(l) be the third derivative of 0 + 0*l - 1/8*l**4 + 5*l**2 + 1/6*l**3. Determine b(-3).
10
Let c(m) = -m**3 - 6*m**2 + 2*m + 8. Let d(q) = -q**2 - 2*q - 3. Let n be d(-3). What is c(n)?
-4
Let k(o) = o**2 - 10*o + 9. Let b(t) = t**3 - 14*t**2 + 14*t - 5. Let x be b(13). What is k(x)?
-7
Suppose 14*s + 128 = -2*s. Let m(l) = l**2 + 9*l + 2. Determine m(s).
-6
Let u(y) be the first derivative of -16 + 4/3*y**3 + 0*y - 1/2*y**2 + 1/4*y**4. Calculate u(-2).
10
Let r(m) = -5*m**3 + 9*m**2 + 6*m - 7. Let z(l) = -3*l**3 + 2*l. Let h(i) = r(i) - 2*z(i). What is h(-9)?
-25
Let c(f) = -6*f**3 - f**2 + f - 1. Let q(y) = 4*y - 15. Suppose -s - 12 = -2*x - 2*s, 4*x - 4 = 3*s. Let p be q(x). Calculate c(p).
-7
Let u be 12/18*78/(-4). Let q = -13 - u. Let o be (-2 - -3 - q)/1. Let y(f) = f**2. Determine y(o).
1
Let g(n) be the third derivative of n**5/30 - n**3/3 - 101*n**2. Let s be 2/(-1) - 0/(-2). Calculate g(s).
6
Let s(w) = -w**2 - 1. Let t be 4/28*-1 + 3/21. Suppose -4*j - f + 9 = 0, -4*f = 2*j + 2 + 4. Suppose j*n - 1 - 5 = t. Give s(n).
-5
Let o(s) = s**3 - 4*s**2 + s - 5. Suppose -4*u = 3*d + 178, 3*d - u + 92 = -96. Let c = d - -66. Determine o(c).
-1
Let o(k) = 12*k**2 + 23*k + 10. Let a(h) = 5*h**2 + 11*h + 4. Let r(u) = 5*a(u) - 2*o(u). Let f = 1 + -8. Calculate r(f).
-14
Let u(z) = z + 1. Let j be u(4). Suppose 3*f - 48 = -j*m + 7*f, -f = 3*m - 22. Let i(k) = m - 6*k - 1 + 5*k. Determine i(0).
7
Suppose 0*f - 3*x - 21 = 3*f, 3*x = -5*f - 31. Let d be 5 - (4 - 1 - -1). Let o(l) = 11*l**2 - 3*l - 8*l**2 - 4*l**2 + d. Give o(f).
-9
Let z(c) = 14*c**2 - 28*c - 8. Let k(i) = 5*i**2 - 10*i - 3. Let n(j) = 11*k(j) - 4*z(j). Suppose 2 + 4 = 2*t. Calculate n(t).
-4
Suppose -3*y = 5*t - 36, 4*y + 0*t + 4*t - 40 = 0. Let l(s) = -s**3 + 8*s**2 - 8*s. Determine l(y).
-7
Let b(g) be the third derivative of g**5/40 + g**4/6 + 5*g**3/6 - 21*g**2. Let c(j) be the first derivative of b(j). Determine c(-5).
-11
Let v(u) = 0*u**3 + 0 - 6*u**2 - 3*u + 0*u**3 + 7 + u**3. Calculate v(6).
-11
Let k(l) = -l**2 - 6*l + 8. Let d = 561 - 558. Let v be 1/1 - -1*1. Let w be -7 - (v - d - 